466367333 a composite number?
True
Is 1012188027 a composite number?
True
Is 1836762317 composite?
True
Is 4638412459 prime?
True
Is 44873620915 a prime number?
False
Is 364431423 composite?
True
Is 650584211 a prime number?
True
Is 133546798639 composite?
False
Is 10188755777 composite?
True
Is 19943078693 prime?
True
Is 179789353 composite?
True
Is 2343002377 composite?
False
Is 1316871571 composite?
False
Is 274660481 composite?
False
Is 2034330119 a composite number?
False
Is 1351530521 prime?
False
Is 190380578951 a composite number?
False
Is 2011909637 a composite number?
False
Is 484319033 a composite number?
True
Is 93481093 a composite number?
False
Is 2756914903 a prime number?
False
Is 1064084431 a prime number?
True
Is 38349215371 a prime number?
True
Is 1438288493 composite?
True
Is 1915002833 a composite number?
False
Is 2090696659 a prime number?
False
Is 59768068261 prime?
False
Is 80059918891 a prime number?
True
Is 5355309395 a prime number?
False
Is 595541678 a prime number?
False
Is 1113150197 a prime number?
False
Is 6321598918 composite?
True
Is 112918588009 prime?
True
Is 50018212837 a composite number?
True
Is 7792445513 a composite number?
False
Is 295672620211 a composite number?
True
Is 5950495183 a composite number?
True
Is 17251721731 prime?
False
Is 6422072347 prime?
True
Is 3578649611 a prime number?
False
Is 11333036339 composite?
True
Is 1002865679 a composite number?
True
Is 779073703 composite?
True
Is 11017505029 a composite number?
True
Is 6529922683 a prime number?
False
Is 126836561849 prime?
False
Is 30353425747 composite?
False
Is 3415511 composite?
True
Is 2992860937 prime?
False
Is 453460913 prime?
True
Is 34769561 a prime number?
False
Is 32911579187 prime?
False
Is 1279344413 a composite number?
False
Is 1092978659 prime?
True
Is 598876429 a composite number?
False
Is 335573969 a composite number?
True
Is 32635833871 a composite number?
True
Is 1000201799 a prime number?
True
Is 1625510171 prime?
False
Is 24623357113 prime?
True
Is 705381863 a composite number?
False
Is 11440063043 a composite number?
True
Is 3389232827 a composite number?
True
Is 30155413987 a prime number?
True
Is 34831639849 a composite number?
False
Is 19163351 a prime number?
False
Is 81012916003 a prime number?
True
Is 1442489767 a composite number?
False
Is 6567488159 a composite number?
False
Is 17302919201 composite?
False
Is 1392083141 a composite number?
True
Is 800684069 a composite number?
False
Is 4545265757 prime?
False
Is 48495830267 composite?
False
Is 206346857 a prime number?
True
Is 25574434603 composite?
True
Is 32022241387 a prime number?
False
Is 17915963701 a prime number?
True
Is 4631933399 a composite number?
True
Is 1039654019 composite?
True
Is 42243486829 prime?
False
Is 96636201863 a composite number?
False
Is 4009718519 prime?
True
Is 482996989 a prime number?
True
Is 93697683283 a prime number?
True
Is 3123531919 composite?
False
Is 267597882109 prime?
True
Is 2490852953 composite?
False
Is 215972456723 a composite number?
False
Is 2757641359 prime?
False
Is 5323291859 a prime number?
False
Is 9958216007 a prime number?
True
Is 1461751469 composite?
True
Is 9165842237 composite?
False
Is 110731972657 composite?
True
Is 12580276927 a prime number?
False
Is 3301067069 prime?
True
Is 3259754117 composite?
False
Is 224083037 prime?
False
Is 229290869 prime?
True
Is 381500647 a prime number?
False
Is 412790971 a composite number?
False
Is 2418509203 a composite number?
True
Is 39014929273 prime?
False
Is 45263382191 a prime number?
True
Is 93403300981 prime?
True
Is 388846793 composite?
True
Is 7787522257 composite?
False
Is 10265264597 a prime number?
False
Is 1568043811 prime?
False
Is 6644181967 a composite number?
True
Is 18743858383 a prime number?
False
Is 14472360607 composite?
False
Is 162080129 composite?
True
Is 1751952659 a prime number?
True
Is 64558397551 a composite number?
True
Is 115636673 a composite number?
False
Is 653520373 composite?
True
Is 5485852219 a prime number?
False
Is 56597689171 a prime number?
False
Is 235672349 a prime number?
False
Is 1029145937 composite?
False
Is 2870600357 composite?
True
Is 4988703199 a prime number?
True
Is 181152107 composite?
False
Is 16847442403 a prime number?
False
Is 32611740863 prime?
False
Is 38733502021 a prime number?
True
Is 1795718623 composite?
True
Is 122104053031 a prime number?
False
Is 83117657 a prime number?
False
Is 175332857 composite?
True
Is 712127309 prime?
False
Is 2285907991 a composite number?
True
Is 175602643 a composite number?
False
Is 10204620031 prime?
False
Is 458101733 a prime number?
False
Is 3444788063 prime?
False
Is 15097168841 prime?
False
Is 6203702357 a composite number?
False
Is 327557809 composite?
True
Is 41132633 prime?
False
Is 2509747403 prime?
False
Is 37769795485 a composite number?
True
Is 9022326233 a composite number?
True
Is 44549454269 composite?
True
Is 30090300809 composite?
True
Is 8171382581 composite?
False
Is 158938379 prime?
False
Is 6975594529 a prime number?
True
Is 48823360163 composite?
False
Is 62379811801 a composite number?
True
Is 12146386877 prime?
True
Is 105528962093 composite?
False
Is 24493064239 composite?
True
Is 27899488213 prime?
False
Is 12258149597 composite?
False
Is 371600777 prime?
True
Is 36533435647 composite?
True
Is 4187881 a prime number?
False
Is 31471500067 a prime number?
False
Is 1239602989 a composite number?
True
Is 55018247015 composite?
True
Is 930054973 a composite number?
True
Is 257453087 prime?
True
Is 724195817 prime?
True
Is 58910475031 a prime number?
False
Is 93075194015 a prime number?
False
Is 256391659 a composite number?
True
Is 3731260627 composite?
True
Is 1242185755 prime?
False
Is 16128525697 a composite number?
False
Is 6534467879 composite?
False
Is 322932437 a composite number?
False
Is 83733969667 prime?
True
Is 451569779 composite?
True
Is 17598743581 prime?
False
Is 291640537 a composite number?
False
Is 477456323 a prime number?
True
Is 435694607 a prime number?
True
Is 5102216107 a prime number?
False
Is 2845428037 prime?
False
Is 21146847619 a composite number?
False
Is 1046832617 composite?
False
Is 80496487 a prime number?
False
Is 1201083799 composite?
True
Is 1384202947 a composite number?
False
Is 7065984103 a prime number?
True
Is 442780057 a composite number?
False
Is 50447219 prime?
True
Is 651518137 a prime number?
True
Is 1116816641 composite?
False
Is 420420577 a prime number?
True
Is 11215044473 composite?
False
Is 931623907 prime?
True
Is 771095719 prime?
True
Is 31139279 a composite number?
False
Is 805704667 prime?
False
Is 3748179739 a composite number?
False
Is 24139089527 a composite number?
True
Is 7536533573 a prime number?
True
Is 724852907 prime?
False
Is 20437377479 prime?
False
Is 125819119445 a prime number?
False
Is 2467921111 a composite number?
False
Is 3566173769 composite?
False
Is 3466601773 prime?
True
Is 769403611 a prime number?
False
Is 2646008273 a composite number?
True
Is 3060045661 composite?
False
Is 4302092173 a composite number?
False
Is 12931732379 prime?
True
Is 21879634043 a prime number?
False
Is 511127663 a composite number?
True
Is 4393114255 prime?
False
Is 84659147 prime?
False
Is 15790531787 a prime number?
False
Is 36276369991 a composite number?
True
Is 1747128931 a prime number?
True
Is 328569044579 a prime number?
False
Is 1954568669 composite?
True
Is 7331425589 composite?
False
Is 8700541999 a composite number?
False
Is 786040819 prime?
True
Is 49474427983 a composite number?
False
Is 28369897793 a prime number?
True
Is 4325560511 prime?
False
Is 26386974257 a composite number?
True
Is 729782441 composite?
True
Is 82764467 a composite number?
False
Is 12810638623 composite?
False
Is 3164027513 prime?
False
Is 38570992219 a prime number?
True
Is 13031415911 prime?
True
Is 62008561 a composite number?
True
Is 1313526983 prime?
False
Is 49544639467 prime?
True
Is 49729864153 a composite number?
True
Is 12533115151 a composite number?
True
Is 28107486613 composite?
False
Is 44342722439 composite?
False
Is 10139138018 a composite number?
True
Is 146404603 prime?
False
Is 44710289457 composite?
True
Is 42125153143 prime?
False
Is 25574073383 a prime number?
True
Is 1392718177 